15. What is the highest common factor of t and 30?
15
Let x = -183 - -255. What is the greatest common factor of 180 and x?
36
Let a = 13 - 18. Let k be 6/5*a/(-3). Suppose -3*g + 3*t = -93, -5*g + k*g - 4*t = -128. Calculate the greatest common divisor of g and 24.
12
Let m(p) = 4*p**2 + 38*p - 175. Let o be m(4). Let g be (-4)/(-6)*(-246)/(-4). What is the highest common factor of g and o?
41
Let n(l) = l**3 - 3*l**2 - 5*l + 1. Let w be n(4). Let j(r) = 2*r**2 + 4*r + 1. Let z be j(w). Calculate the greatest common factor of 14 and z.
7
Suppose -36 = 3*b - 6*b. Let r(j) = j**3 + 8*j**2 + 5*j + 6. Let g be r(-3). Calculate the greatest common factor of b and g.
12
Suppose -21 = -f - 19. Suppose 5*a - 47 - 11 = -2*z, -2 = f*z. Calculate the highest common factor of 60 and a.
12
Let m(t) = -388*t - 360. Let v be m(-5). What is the greatest common factor of 20 and v?
20
Suppose -106*k + 103*k = 5*z - 32, -5*z + 3*k = -38. Suppose 4*p - 4*h - 128 + 8 = 0, -2*h = 4. Calculate the highest common factor of p and z.
7
Suppose 4*m = 3*m + 20. Let k(f) = 5*f - 70. Let s be k(22). What is the greatest common factor of m and s?
20
Let b = 239 - 72. Suppose 0 = 3*j - b + 41. Calculate the greatest common factor of 28 and j.
14
Suppose 4*f - 3*o - 62 + 27 = 0, o = f - 9. Suppose -6*g - 3*n + 85 = -g, 0 = 2*g - 4*n - f. What is the highest common divisor of g and 56?
14
Suppose 4*t - 74 = -f + 44, -4*f - 50 = -2*t. Let b(r) = 14*r**2 - 2*r - 4. Let g be b(3). What is the highest common factor of t and g?
29
Let z be 16/(-232) - (-157532)/58. Calculate the greatest common factor of 28 and z.
28
Let h(q) = -q**2 + 17*q + 94. Let f be h(21). Let x = 17 + 8. What is the highest common divisor of x and f?
5
Suppose -132*j = -98*j - 408. Let z = 183 - 99. Calculate the highest common divisor of z and j.
12
Let y be (2820/(-18))/((-6)/9). Calculate the greatest common factor of y and 47.
47
Suppose k - 5*h + 107 = 5*k, -5*h = 5*k - 130. What is the highest common divisor of k and 667?
23
Suppose 3*y = y + 42. Suppose 0*r = -r + 5. Suppose -91 + y = -r*b. What is the greatest common factor of b and 126?
14
Let k = 511 + -495. What is the highest common factor of 56 and k?
8
Let x = 3 - 12. Let d = 12 + x. Suppose -d*b + 43 = -59. What is the highest common divisor of 34 and b?
34
Let p = 739 - 712. Calculate the greatest common divisor of 117 and p.
9
Let p = -425 - -486. What is the highest common divisor of 61 and p?
61
Let q(k) = 1147*k - 39. Let p be q(3). What is the highest common factor of 126 and p?
126
Let f be ((-25)/(-75))/(214/(-216) - -1). Calculate the highest common factor of 468 and f.
36
Let s(r) be the first derivative of -5*r**4/2 - 2*r**3/3 + 2. Let u be s(-2). Let m be 3/2*(39 + -7). What is the greatest common divisor of u and m?
24
Let c = 159 + -60. What is the highest common divisor of c and 11?
11
Let v be 14246/102 - (-2 + (-10)/(-6)). What is the greatest common divisor of v and 84?
28
Let q be ((-40)/(-6))/(((-32)/(-12))/(-8)). Let h be q/60 - 10/(-3). Calculate the highest common factor of h and 8.
1
Let k(t) = t**2 + 4*t - 2. Let s be k(7). Let q(o) = 3*o**2 - 10*o + 18. Let n be q(3). What is the highest common factor of s and n?
15
Let b = 49 - -31. Let h = 99 - b. Calculate the greatest common factor of 152 and h.
19
Let x = 9 + -16. Let n = -5 - x. Suppose -t - 23 = -2*k, -4*t + n*t + 38 = 2*k. What is the highest common factor of k and 42?
14
Suppose 4*w = 57 + 3. Calculate the highest common factor of 6 and w.
3
Let n be (-1)/((-1)/(-1)) + 2. Let t(y) = 1 + 100*y + 98*y - 297*y + 98*y + 64*y**2. Let g be t(n). Calculate the greatest common divisor of 8 and g.
8
Let s(u) = 241*u**2 + 2*u - 2. Let r be s(1). Let q(v) = -56*v + 4 + 0 + r*v. Let g be q(1). Calculate the greatest common divisor of g and 21.
21
Let i(o) = o**2 - 3*o - 1. Let v be i(8). Let n = -35 + v. Suppose -2*t - 6 = -u, n*t = u - 3*u + 36. What is the greatest common factor of u and 96?
12
Let h be (-1 + -13)*(4 + -44). What is the highest common divisor of h and 35?
35
Let o(x) = x - 52. Let n be o(0). Let s = 76 + n. What is the greatest common factor of 6 and s?
6
Let o = 104 + -71. Suppose 0 = 3*f - 8 - 1. What is the greatest common factor of o and f?
3
Suppose 0*a = -a + 4*c + 6, -3 = 3*c. Suppose -a*k + 122 = 4*t - k, -t = -2*k - 26. What is the greatest common factor of 6 and t?
6
Let n = -19 + 5. Let j = 0 - n. Let h = -86 - -198. What is the highest common divisor of j and h?
14
Let p = 301 - 18. Suppose 0 = -2*f + g + p, f - 3*f + 4*g = -268. What is the highest common factor of 18 and f?
18
Let q(o) = -4 + 6*o**2 - 12*o**2 - 1 + 7*o**2. Let z be q(4). Calculate the greatest common divisor of 121 and z.
11
Suppose 52 = -5*h - 4*v, 2*h - 2*v = 3*h + 8. Let j = 35 - h. Calculate the highest common divisor of 423 and j.
47
Suppose 14 - 44 = -5*v. What is the highest common factor of 6 and v?
6
Let t be -3*2/(-18) - (-804)/(-9). Let k = -59 - t. Let i = -23 - -38. What is the highest common factor of k and i?
15
Let f(i) = i**3 - 6*i**2 + 2*i - 5. Suppose 5*z = -2*j + 28, -5*z - 34 = -10*z + 4*j. Let w be f(z). What is the highest common divisor of w and 63?
7
Let j be 2 - (-8 - 22)/6. Let h = -16 - -30. What is the greatest common divisor of h and j?
7
Suppose -4*q = -217 + 13. What is the greatest common factor of 663 and q?
51
Suppose j - 1486 = 3*i, 9*j + 5*i = 6*j + 4500. What is the greatest common divisor of 65 and j?
65
Let t = 1692 + -1290. What is the highest common factor of 6 and t?
6
Suppose 3*f - 2 = 2*f. Let b = -6 - -7. Let n = f + b. Calculate the greatest common factor of 1 and n.
1
Suppose 0*y + 4*y = 16. Suppose l = -5 - y. Let q be (-24)/l*3 + -4. Calculate the greatest common divisor of 28 and q.
4
Suppose 6179 = 38*j - 7957. Calculate the greatest common factor of 192 and j.
12
Let u be (-5)/((-60)/(-54))*-32. Calculate the greatest common factor of 48 and u.
48
Let g = -723 - -811. Calculate the greatest common factor of g and 209.
11
Let k(h) = -h**2 - 18*h - 16. Let n be k(-15). Let j = -26 + n. Let r = 9 + j. Calculate the highest common divisor of 96 and r.
12
Suppose -586*o + 589*o - 27 = 0. Calculate the highest common factor of 15 and o.
3
Suppose 12*y - 10170 = -6*y. Calculate the highest common divisor of y and 5.
5
Let v be (-25*(-17)/(-85))/(10/(-564)). What is the highest common divisor of 1034 and v?
94
Suppose 90*g - 88*g = 52. What is the highest common divisor of 377 and g?
13
Suppose -t + 0*t + 75 = 5*p, -4*p = 3*t - 71. Let h = -30 - -38. Suppose h*i = 7*i + 14. Calculate the highest common factor of i and p.
14
Let t(z) = z**3 - 5*z**2 + 8*z + 31. Let o be t(10). What is the greatest common divisor of 26 and o?
13
Suppose 21*j - 20160 = -14*j. Calculate the greatest common divisor of j and 18.
18
Let z(h) = -26*h - 60. Let a be z(-3). What is the highest common factor of 1251 and a?
9
Let v be 353 + (-12 - (-8 + 9)). Calculate the greatest common factor of 80 and v.
20
Suppose -2*p - 2*r - r - 3 = 0, 4*p + 2*r = 6. Suppose -18 - 12 = -p*j. What is the highest common factor of 50 and j?
10
Suppose -68*p + 63*p = -50. Calculate the highest common divisor of p and 470.
10
Let t = 3 - 0. Suppose 35 + 4 = t*a. Suppose 5*p = -0*p + 195. What is the highest common factor of p and a?
13
Let y be 43/86 + 36/8. Suppose 2*m = -2*m - 4*z + 208, -205 = -4*m - 5*z. Calculate the greatest common divisor of m and y.
5
Suppose -420 = 10*w - 15*w. Suppose 0 = t - 3*k - w - 10, -2*t + 208 = 4*k. What is the highest common divisor of t and 20?
20
Let j(b) = 10*b**2 + 5*b + 33. Let g be j(6). Calculate the highest common factor of 94 and g.
47
Let r be ((-2)/4)/((-3)/12). Suppose 4*h + 4*f - 72 = 0, -3*h - 4*f + 92 = r*h. Calculate the greatest common divisor of h and 8.
4
Suppose -4*k - 20 = 0, -2*u + 4*k = u - 41. Calculate the greatest common factor of u and 119.
7
Let k be -2 - (-36228)/99 - 176/(-2904). What is the highest common factor of k and 52?
52
Let u be ((-13 - -15) + (4 - 1))/1. Suppose 0 = -u*y + 8*y - 84. What is the greatest common factor of 42 and y?
14
Let t = 159 + -143. Calculate the highest common divisor of t and 16.
16
Let m(a) = -2 - 3*a + 5*a**2 + 3*a - a**3 + 0*a. Let u be m(5). Let l be ((-1)/4)/(u/56)